(6 - 1). Let q(a) = 8*a - 3. What is q(s)?
37
Suppose -5*m + 4*q - 81 = 0, -5*m + 6*m = -4*q + 3. Let j(v) = -2*v + 2. What is j(m)?
28
Let r(z) = -15 + 5639*z**2 - 2*z**3 + 3*z**3 - 5651*z**2 - 2*z**3 - 23*z. What is r(-10)?
15
Let w(o) be the first derivative of 2/3*o**3 - 1/4*o**4 - o - 53 + 0*o**2. Calculate w(3).
-10
Suppose 159 = 52*o + 55. Let m(v) = v + 0*v + 2 + v. Calculate m(o).
6
Let i(k) = k**3 + 6*k**2 + 1. Suppose 51 = 5*t - 4. Let v(u) = u**2 - 8*u - 24. Let r be v(t). Suppose -39 = 5*q - r. Calculate i(q).
1
Suppose -5*n - 60 = -v, -2*n + 4*v = -0*v + 6. Let o(i) = i**2 + 15*i + 26. Let l be o(n). Let u(f) = -f + 5. Determine u(l).
5
Suppose -5*l = -n - 20, 3*n + 2*l - 11 = -3. Let r(b) = n - b**3 + 12*b + 10*b - 23*b - 2. Give r(-2).
8
Let w(n) = 27*n**2 + 16*n. Let t(s) = -14*s**2 - 9*s + 1. Let h(d) = -5*t(d) - 3*w(d). Let x(m) = 24*m**2 + 6*m + 10. Let q(l) = -13*h(l) - 6*x(l). Give q(7).
-23
Suppose 10*b = 5*b + 15. Let c = -52 - -57. Let t(r) = 2*r**2 - 3*r**2 - c*r**2 + 5*r - 4 + 4*r**2. Give t(b).
-7
Let z(q) be the second derivative of -q**3/2 + q**2 - 1855*q. Let h be 1*(20/(-4) + 2). Give z(h).
11
Let q(w) be the second derivative of 3*w**4/4 + 51*w**3/2 - 3*w**2/2 - 1311*w. Give q(-17).
-3
Let h(r) = r**3 + 6*r**2 + r + 6. Let u(i) = -2*i**3 + 17*i**2 + i - 49. Let d be u(8). Suppose -d = -8*o - 71. Determine h(o).
0
Let k(i) = i**2 - 6*i - 8. Let t be (10 - (-1 - -3)) + (-132 - -122). Let g(m) be the second derivative of m**4/4 - 5*m**2/2 + m. Let z be g(t). What is k(z)?
-1
Let t(v) = v**3 + 4*v**2 - 3*v + 2. Let n = -51 + 50. Let k be n/2 + 110/20. Suppose g - 5*m = -k, 3*g - g + 10 = -2*m. What is t(g)?
-8
Let p(o) = -5*o - 10*o - 9*o + 22*o - o - 38. What is p(-22)?
28
Let i(j) be the third derivative of j**6/120 - 11*j**5/30 - 5*j**4/6 - 7*j**3/3 - 35*j**2 - 30*j. Give i(23).
55
Let k(b) = -21071 + 10541 + 10541 - 2*b. Calculate k(-16).
43
Let s(g) = -2*g**3 + 2 - 4*g**2 + 8*g**3 - g - 5*g**3. Let u(y) = -y**3 - 10*y**2 - 8*y. Let c be u(-9). Let r be ((-12)/c + 0)*3. Give s(r).
-2
Let i(b) = 8*b + 6. Let t be i(-17). Let u = t + 127. Let m be 14*(-4)/8 - 3/u. Let d(g) = -4*g - 6. Determine d(m).
18
Let q(u) = -6*u - 17. Let z be q(-4). Let j(g) = -5*g - 2 + z*g - 2*g**3 + g**3. Let a(v) = v**3 - 18*v**2 + 34*v - 30. Let x be a(16). Calculate j(x).
-6
Let x = 131 - 128. Suppose l - x*z + 11 = 29, -5*z - 25 = 0. Let w(g) = -g**2 + g. Let f(m) = m**3 + m**2 - 4*m + 3. Let r(a) = -f(a) - 5*w(a). What is r(l)?
3
Let r = -14 - -7. Let g(m) = 88*m**2 - m + 99*m**2 - 268*m**2 - 4*m**3 + 2*m**3 - 7 + 3*m**3 + 88*m**2. Give g(r).
0
Suppose 0 = -2*z + 2, -2*z = 3*w + 3 + 10. Let p(k) = -k + 2. Let a be p(w). Let q(y) = -y + 6. Calculate q(a).
-1
Suppose 0 = -2*q - o + 28, 3*q + 2*o - 46 + 6 = 0. Let f(l) = -3*l + 27. Calculate f(q).
-21
Let s(a) = 32*a - 156. Let r be s(5). Let q(j) = -j**3 + 2*j**2 + 10*j - 13. Determine q(r).
-5
Let j(c) = 45*c - 12. Let w(s) = -1248*s + 333. Let v(l) = 111*j(l) + 4*w(l). What is v(6)?
18
Let v(o) = -119*o**3 + 98*o**2 + 14*o + 1. Let u(l) = -17*l**3 + 13*l**2 + 2*l. Let h(a) = 15*u(a) - 2*v(a). Give h(1).
-18
Let k(p) = 66*p**2 - p. Let y(t) = -2*t**2 - 18*t + 325. Let h be y(-18). Give k(h).
65
Let h(b) = 2*b**3 - 17*b**2 + 22*b - 11. Suppose -j = -3*j - 4*k + 26, 4*k - 12 = 0. Let v be h(j). Let w(o) = -o**2 - 3*o + 5. Calculate w(v).
1
Let q(w) = -w**2 + 8*w - 31. Let i be (63 - 63) + 43/6 - (-2)/(-12). What is q(i)?
-24
Let p = 426 + -417. Suppose -p + 0 = -y. Let a(w) = -w**2 + 7*w + 14. Determine a(y).
-4
Suppose -4*a + 4*s = -1724, -4*a = -5*s - 2236 + 509. Let v(i) = -430 + a + 2*i - 3*i. Calculate v(2).
-4
Let i(k) be the third derivative of k**6/720 + k**5/60 - 5*k**4/6 + 25*k**2. Let u(q) be the second derivative of i(q). Let x = -1 + -1. Determine u(x).
0
Let q(k) = -2*k**3 - k**2 + 1. Let v(y) = 5*y**3 - y**2 - 2. Let l(c) = -3*q(c) - v(c). Let g = -835 + 832. Determine l(g).
8
Let y(h) be the first derivative of h**7/840 - h**6/72 + h**5/60 - h**4/24 - 8*h**3 + 161. Let m(s) be the third derivative of y(s). Give m(5).
9
Let j = -4937 - -4940. Let r(y) = -30*y. Determine r(j).
-90
Let l(p) = 5*p**2 - 2*p - 1. Let r = 117 + -99. Suppose 0 = -a - r + 17. Determine l(a).
6
Let c(p) = 829 - 33*p - 32*p + 14*p - 133 + 33*p. What is c(39)?
-6
Let a(y) = 5*y + 60. Suppose -13*g + 15*g = -22. What is a(g)?
5
Let t = -371 + 627. Let j(v) = -t - v + 256. Let u(h) = 2*h**3 - 2*h**2 - h + 2. Let r be u(1). Determine j(r).
-1
Suppose -35*o + 2737 = 707. Suppose -2 = 7*g - o. Let c(p) = 2*p - 10. What is c(g)?
6
Let s(o) = 149. Let g(f) = -f - 74. Let m(c) = -5*g(c) - 2*s(c). Give m(-16).
-8
Let w be (-9)/(-1 + 2) - (-5 - (1 - -1)). Let z(k) = -2*k**2 + k - 1. Determine z(w).
-11
Let k be ((-32)/(-20))/(((-18)/(-3075))/3). Let p(g) = 821*g**2 + 2*g - 2 - 4 + 0 - k*g**2. Calculate p(-5).
9
Let j(t) = t**3 + 3*t - 3*t**2 + 4 - 4*t - 3*t**2. Suppose -816 = -23*f - 678. Give j(f).
-2
Suppose 20 = 4*g + g. Suppose s + 5 = 4*s + r, 4*r = -g*s + 4. Let c be (s/(-4))/((-11)/(-110)). Let p(k) = k + 5. Determine p(c).
0
Suppose 0*i + 2*i = -4*r, 0 = 3*r - i - 5. Suppose w - 19 = -2*s, -5*w + 98 - 23 = 5*s. Let j(l) = -w - 2*l + 8 + 0*l**2 + 4 + 6*l**2. Give j(r).
5
Suppose -4*d - 34 = -6*g, 5*d + 3*g = 2*g - 51. Let r(j) = -j + 4. Give r(d).
14
Let o(r) = -r**2 + 7*r + 9. Let z = 3989 - 3980. What is o(z)?
-9
Let j(a) be the third derivative of a**5/60 - a**4/8 - a**3/6 - 523*a**2 - 1. Suppose -3*w + 4*w - 6 = 0. Calculate j(w).
17
Let v(j) = -6*j - 50 - 3*j - 15*j + 152 + 21*j. Determine v(31).
9
Let n(z) = -4*z + 5*z**2 + 2*z + 3*z + 6*z**2 - 12*z**2 + 1. Suppose 2*v - c + 5*c = 16, -5*v = c - 13. Give n(v).
-1
Let c be 1/(7 - (6 + -11)). Let k(t) be the second derivative of -1/2*t**2 + c*t**4 + 2/3*t**3 + 7*t + 0. Give k(-6).
11
Let n(i) = -4. Let g(v) = 3*v + 27. Let r be g(-9). Let w be (-2 + -1)/9*(r + -3). Let p(j) = -j - 1. Let x(l) = w*p(l) + n(l). Determine x(-5).
0
Let v(m) be the first derivative of 5*m**2/2 - 16*m + 22. Give v(8).
24
Let m = -180 + 183. Let x(v) = v**m - 9*v**2 - 19 + 14 - 7*v - 3*v + 10. Calculate x(10).
5
Let g(t) = -35*t - 19*t + 16*t + 135 + 15*t + 15*t. Calculate g(16).
7
Let c(h) be the first derivative of -h**3/3 + 5*h**2/2 + 9*h + 939. Suppose -4*l + 4*q + 56 = l, -5*l - 2*q + 32 = 0. What is c(l)?
-15
Let k = 473 - 466. Let s(a) = -a**2 + 10*a - 6. Determine s(k).
15
Suppose 2178*c = 2283*c + 315. Let a(d) = 12*d + 3 - d**3 - 2*d - 2*d. Calculate a(c).
6
Let m(n) = -n**2 + 3*n + 26. Suppose 0 = -1075*s + 1044*s. Determine m(s).
26
Let m(r) = -12*r - 250. Let v be m(-21). Let f(i) = i**3 + 4 + 34*i**2 + 31*i**2 + 2*i - 61*i**v + i. What is f(-4)?
-8
Let t(w) = w**2 + w**2 + 98*w**3 - 9*w**2 - 5*w - 99*w**3 + 4. Let g be (7/8*-2)/(1/(-28)). Let d = -54 + g. Determine t(d).
-21
Let t(m) = 5*m**2 + 20*m + 14. Let x(b) = b**2 - 79*b - 250. Let k be x(-3). Determine t(k).
14
Let c(v) be the third derivative of -5*v**4/12 + 149*v**3/2 + 1301*v**2. What is c(44)?
7
Let n(q) = q**2 - 26*q + 168. Let g be -8 + ((-1)/2 - (-1287)/66). Determine n(g).
3
Let o(f) = 3*f + 72. Suppose 1754*s = 1714*s - 880. Give o(s).
6
Let v(p) = -p**3 + 21*p**2 + 46*p + 28. Let t(i) = -i**2 + 72*i - 489. Let n be t(8). Give v(n).
28
Let i(v) = v**3 - 7*v**2 + 7*v - 4. Suppose -43 = -h - 5. Let s be h/8 - (-5)/20. Suppose 0 = s*d + 5*n - 0*n - 10, d + 3*n = -4. Give i(d).
-19
Let h(i) = -i - 1. Let c be 69 - -7 - (3 + -2 + 0). Let g = -77 + c. Let w be (2 + g - -1)*-3. Give h(w).
2
Let t(w) = w - 1. Let u(a) = -a**3 + 24*a**2 - 13*a + 57. Let r(z) = 9*t(z) + u(z). Give r(24).
-48
Let a(k) = -5. Let v(j) = -j - 6. Let i(l) = 5*a(l) - 4*v(l). Let t be 137*(-9)/6*(-2)/3. Let c = t + -135. What is i(c)?
7
Let w(s) = -21*s - 52. Let x be 96/1584 + 101/(-33). What is w(x)?
11
Let n = 178 + -174. Let r(d) = -289 + 145 + n*d - 3*d + 139. What is r(7)?
2
Let n(y) be the third derivative of -7*y**6/180 + y**5/120 - y**4/24 - 14*y**3/3 - 31*y**2. Let k(j) be the second derivative of n(j). Determine k(1).
-27
Let c(s) = -18*s**2 + 1. Let u be ((-7)/(-2))/(14/8). Let w be (1/u)/(21/42). Calculate c(w).
-17
Let t be 15/(-6) + 165/30. Let m(k) = -16*k. Calculate m(t).
-48
Let u = 4052 + -4061. Le